3?
31, 83
What are the prime factors of 1640?
2, 5, 41
List the prime factors of 12435.
3, 5, 829
List the prime factors of 969.
3, 17, 19
What are the prime factors of 3277?
29, 113
What are the prime factors of 20807?
20807
List the prime factors of 305.
5, 61
What are the prime factors of 2498?
2, 1249
List the prime factors of 10643.
29, 367
List the prime factors of 16479.
3, 1831
List the prime factors of 48146.
2, 7, 19, 181
List the prime factors of 5629.
13, 433
What are the prime factors of 4327?
4327
What are the prime factors of 16559?
29, 571
What are the prime factors of 123789?
3, 41263
List the prime factors of 9710.
2, 5, 971
List the prime factors of 5130.
2, 3, 5, 19
List the prime factors of 6490.
2, 5, 11, 59
What are the prime factors of 2227?
17, 131
What are the prime factors of 32733?
3, 3637
What are the prime factors of 8157?
3, 2719
What are the prime factors of 11362?
2, 13, 19, 23
List the prime factors of 56960.
2, 5, 89
List the prime factors of 3209.
3209
List the prime factors of 45598.
2, 7, 3257
List the prime factors of 2173.
41, 53
List the prime factors of 1256.
2, 157
List the prime factors of 175043.
11, 15913
What are the prime factors of 3346?
2, 7, 239
What are the prime factors of 72264?
2, 3, 3011
List the prime factors of 22185.
3, 5, 17, 29
List the prime factors of 15664.
2, 11, 89
List the prime factors of 17448.
2, 3, 727
What are the prime factors of 608?
2, 19
List the prime factors of 6307.
7, 17, 53
What are the prime factors of 172?
2, 43
List the prime factors of 3003.
3, 7, 11, 13
What are the prime factors of 11715?
3, 5, 11, 71
List the prime factors of 734.
2, 367
What are the prime factors of 11435?
5, 2287
List the prime factors of 11450.
2, 5, 229
List the prime factors of 51062.
2, 11, 211
What are the prime factors of 242?
2, 11
List the prime factors of 848.
2, 53
What are the prime factors of 121285?
5, 127, 191
What are the prime factors of 25089?
3, 8363
List the prime factors of 1812.
2, 3, 151
List the prime factors of 6827.
6827
What are the prime factors of 136758?
2, 3, 23, 991
List the prime factors of 6931.
29, 239
What are the prime factors of 25173?
3, 2797
What are the prime factors of 1718?
2, 859
What are the prime factors of 221?
13, 17
List the prime factors of 18085.
5, 3617
List the prime factors of 26146.
2, 17, 769
List the prime factors of 9765.
3, 5, 7, 31
List the prime factors of 596.
2, 149
What are the prime factors of 534?
2, 3, 89
List the prime factors of 718.
2, 359
List the prime factors of 6062.
2, 7, 433
List the prime factors of 1262.
2, 631
List the prime factors of 1646.
2, 823
What are the prime factors of 2959?
11, 269
List the prime factors of 9744.
2, 3, 7, 29
What are the prime factors of 129002?
2, 53, 1217
What are the prime factors of 76537?
76537
List the prime factors of 16926.
2, 3, 7, 13, 31
What are the prime factors of 604?
2, 151
What are the prime factors of 920?
2, 5, 23
What are the prime factors of 33328?
2, 2083
List the prime factors of 66361.
66361
What are the prime factors of 1363?
29, 47
What are the prime factors of 10343?
10343
List the prime factors of 18436.
2, 11, 419
List the prime factors of 11415.
3, 5, 761
What are the prime factors of 11019?
3, 3673
What are the prime factors of 145300?
2, 5, 1453
List the prime factors of 72318.
2, 3, 17, 709
What are the prime factors of 10445?
5, 2089
List the prime factors of 109967.
11, 13, 769
What are the prime factors of 3148?
2, 787
What are the prime factors of 1560?
2, 3, 5, 13
What are the prime factors of 83251?
7, 1699
What are the prime factors of 2071?
19, 109
List the prime factors of 5244.
2, 3, 19, 23
What are the prime factors of 23?
23
List the prime factors of 3097.
19, 163
List the prime factors of 6957.
3, 773
What are the prime factors of 2923?
37, 79
What are the prime factors of 1006?
2, 503
What are the prime factors of 704?
2, 11
List the prime factors of 682.
2, 11, 31
What are the prime factors of 20526?
2, 3, 11, 311
List the prime factors of 84.
2, 3, 7
List the prime factors of 3639.
3, 1213
What are the prime factors of 22?
2, 11
What are the prime factors of 42927?
3, 41, 349
What are the prime factors of 22013?
22013
List the prime factors of 275.
5, 11
List the prime factors of 31706.
2, 83, 191
List the prime factors of 16999.
89, 191
List the prime factors of 603.
3, 67
List the prime factors of 1518.
2, 3, 11, 23
List the prime factors of 118676.
2, 29669
List the prime factors of 1620.
2, 3, 5
What are the prime factors of 52401?
3, 17467
List the prime factors of 14127.
3, 17, 277
What are the prime factors of 144781?
7, 13, 37, 43
What are the prime factors of 2188?
2, 547
What are the prime factors of 2746?
2, 1373
What are the prime factors of 989?
23, 43
List the prime factors of 15786.
2, 3, 877
List the prime factors of 763.
7, 109
What are the prime factors of 3121?
3121
List the prime factors of 3210.
2, 3, 5, 107
List the prime factors of 37231.
31, 1201
List the prime factors of 85672.
2, 10709
What are the prime factors of 21842?
2, 67, 163
What are the prime factors of 39814?
2, 17, 1171
List the prime factors of 88173.
3, 97, 101
List the prime factors of 5984.
2, 11, 17
What are the prime factors of 463?
463
What are the prime factors of 17111?
71, 241
What are the prime factors of 549?
3, 61
List the prime factors of 88975.
5, 3559
List the prime factors of 1347.
3, 449
What are the prime factors of 4762?
2, 2381
List the prime factors of 4180.
2, 5, 11, 19
List the prime factors of 98047.
98047
What are the prime factors of 1555?
5, 311
List the prime factors of 1089.
3, 11
What are the prime factors of 12940?
2, 5, 647
What are the prime factors of 67841?
179, 379
What are the prime factors of 1415?
5, 283
What are the prime factors of 3224?
2, 13, 31
List the prime factors of 3960.
2, 3, 5, 11
What are the prime factors of 93200?
2, 5, 233
What are the prime factors of 11889?
3, 1321
What are the prime factors of 91937?
89, 1033
What are the prime factors of 66381?
3, 7, 29, 109
What are the prime factors of 9881?
41, 241
What are the prime factors of 604?
2, 151
List the prime factors of 8008.
2, 7, 11, 13
What are the prime factors of 7133?
7, 1019
List the prime factors of 2266.
2, 11, 103
What are the prime factors of 24200?
2, 5, 11
What are the prime factors of 1671?
3, 557
List the prime factors of 3105.
3, 5, 23
What are the prime factors of 2625?
3, 5, 7
What are the prime factors of 2130?
2, 3, 5, 71
List the prime factors of 4986.
2, 3, 277
What are the prime factors of 27313?
11, 13, 191
List the prime factors of 13403.
13, 1031
What are the prime factors of 22065?
3, 5, 1471
List the prime factors of 32687.
32687
List the prime factors of 66915.
3, 5, 1487
List the prime factors of 163113.
3, 54371
List the prime factors of 2162.
2, 23, 47
What are the prime factors of 949?
13, 73
What are the prime factors of 13104?
2, 3, 7, 13
What are the prime factors of 31181?
31181
What are the prime factors of 7220?
2, 5, 19
What are the prime factors of 173?
173
What are the prime factors of 545?
5, 109
List the prime factors of 2500.
2, 5
List the prime factors of 86182.
2, 41, 1051
What are the prime factors of 11445?
3, 5, 7, 109
List the prime factors of 10447.
31, 337
What are the prime factors of 12330?
2, 3, 5, 137
What are the prime factors of 57974?
2, 7, 41, 101
What are the prime factors of 758?
2, 379
List the prime factors of 2061.
3, 229
What are the prime factors of 22749?
3, 7583
List the prime factors of 99335.
5, 19867
List the prime factors of 118340.
2, 5, 61, 97
List the prime factors of 80734.
2, 37, 1091
What are the prime factors of 7310?
2, 5, 17, 43
List the prime factors of 3174.
2, 3, 23
List the prime factors of 29201.
29201
What are the prime factors of 102670?
2, 5, 10267
List the prime factors of 41524.
2, 7, 1483
What are the prime factors of 27725?
5, 1109
List the prime factors of 814.
2, 11, 37
List the prime factors of 4637.
4637
List the prime factors of 43396.
2, 19, 571
What are the prime factors of 5386?
2, 2693
List the prime factors of 32787.
3, 3643
List the prime factors of 51264.
2, 3, 89
What are the prime factors of 14432?
2, 11, 41
List the prime factors of